9, -2*g = -3*d + 982. What is the tens digit of d?
2
Let w = 0 - -27. Suppose 162 = 7*f - w. What is the units digit of f?
7
Suppose -5*d = -d. Suppose d = i - 5*y + 41, -4*i = -0*i - 3*y + 181. Let v = -13 - i. What is the units digit of v?
3
Suppose 0 = -5*q + 4*z - 6, -5*q + 3*z = 4 - 2. Suppose 1 = q*x + 53. Let y = -1 - x. What is the tens digit of y?
2
Let t be -3 + 38 + -2 + -2. Let h = t + -7. Suppose 0 = -4*a + 96 - h. What is the tens digit of a?
1
Let n(y) = -3*y**3 - y**2 - y - 2. Let q = -140 + 136. What is the units digit of n(q)?
8
Let h(w) = -w**3 + 1. Let j(g) = g**3 + 9*g**2 - 11*g + 1. Let v(u) = 2*h(u) + j(u). Let f be v(7). Let c = -15 + f. What is the units digit of c?
9
Let f = 101 + 530. Suppose f = 5*d + 3*w, -4*d + 125 + 371 = -2*w. What is the hundreds digit of d?
1
Let c = 654 + -439. What is the hundreds digit of c?
2
Suppose -2*x - 3*x - 5*p = -815, -4*x + 4*p = -676. Let r = 353 - x. What is the hundreds digit of r?
1
Let a = -3 - -8. Let u(j) = j**3 - 4*j**2 - 6*j + 8. Let y be u(a). Suppose -y*o + 2*o = -39. What is the units digit of o?
9
Let t(y) = y**2 + 13*y + 7. Let l(p) = -p - 1. Let b(f) = 3*l(f) + t(f). What is the tens digit of b(-15)?
7
Let x be -1 + (0 - 2)/2. Let s(o) = -o + 2. Let j be s(x). Suppose -j*h + 6*h = 78. What is the units digit of h?
9
Suppose 11*j = -20569 + 80497. What is the hundreds digit of j?
4
Suppose 4*z = -s + 11, s - 15 = -4*s. Suppose 0 = 3*a - z - 7. Suppose a*p - 10 = p. What is the units digit of p?
5
Let r = 764 - -110. What is the hundreds digit of r?
8
Let q = -18 - -104. Let m be (-6)/15 + (-574)/(-10). Let r = q - m. What is the tens digit of r?
2
Let w(l) = 112*l**2 + 20*l + 10. What is the units digit of w(3)?
8
Let j(k) = -k**3 + 2*k**2 + 3*k + 2. Let x be j(3). Let c(t) = 3*t + 3 - x - t + 1. What is the units digit of c(9)?
0
What is the units digit of 144900/48 + ((-95)/20 - -5)?
9
Suppose -7*j + 180 = -2*j. Let z be (-7)/((-147)/j)*-28. Let u = -24 - z. What is the tens digit of u?
2
Let u be ((-162)/(-36))/(3/(-16)). What is the tens digit of 2*4/u*-369?
2
Let i = 824 - 198. What is the units digit of i?
6
Let o(w) = 3*w**3 + 12*w**2 + 8*w + 2. Let u(b) = -b**3 + b. Let a(t) = -o(t) - 4*u(t). Suppose 4*j - 71 + 19 = 0. What is the tens digit of a(j)?
1
Let r be 305/(6 - 1) - 5. What is the units digit of (210/(-28))/((-6)/r)?
0
Suppose 4*z - 5*z + 3 = 0. Suppose 315 = 3*t - 3*h, h - 310 = -z*t + 5*h. What is the tens digit of t?
1
Suppose 8*m + 1455 = 7551. Suppose -m = -5*i + 148. What is the tens digit of i?
8
Suppose 0*l + 3*u = -5*l + 34, 0 = -5*l - 5*u + 30. Suppose -2*y = -4*s + 2 + 4, -3*s + 5*y + l = 0. What is the units digit of (s - 0)/(1/39)?
9
Let f be 2/3*(3 + 3). Suppose 60 = c + 2*w, 218 - 2 = f*c + 2*w. Suppose c = 2*q - q. What is the tens digit of q?
5
What is the tens digit of (-21622)/(-8) + (-81)/108?
0
Let n = 1 - 1. Let b be -16 + (1 - n) + -1. Let j = 20 - b. What is the units digit of j?
6
Let i(j) = 3*j + 23. Let x be i(-6). Suppose c + 68 = x*c. What is the tens digit of c?
1
Suppose -4*y + 10 = f - 94, 3*y + 589 = 5*f. Let z = f + -76. What is the units digit of z?
0
Suppose 5 = 2*t - t + b, 2 = b. Suppose -t*r + 360 = 2*r. Suppose 0*c - 4*c = -r. What is the units digit of c?
8
Suppose -7*n = -2*n - 70. Suppose 0 = -17*v + n*v - 6. What is the units digit of 4/12*(-12)/v?
2
Let w be (1 + 130)/(2/2). Let v = w - 78. What is the tens digit of v?
5
Suppose -8 = d - 1. What is the units digit of ((-87)/(-9))/(d/(-21))?
9
Suppose -4*h + 33 = -51. Suppose 2*s + 4*x + 4 + 2 = 0, -s + h = -4*x. Suppose -s*w + 54 = -36. What is the units digit of w?
8
Suppose 42 - 10 = 4*q. Let d = 10 - q. Suppose -3*i + d*i - a = -8, 4*a - 24 = -2*i. What is the units digit of i?
4
Let m be ((-1720)/(-15))/8*3. Let a = m - 9. What is the units digit of a?
4
What is the units digit of 763 + (9 + -7 - 1)?
4
Let p(f) = -f**2 + 2. Let j be p(2). What is the tens digit of ((3 - j) + 2)*10?
7
Let l be 12/9*21 - 2. Let f = -2 + l. What is the units digit of -3 - (3 + f)*-2?
1
Suppose 209 = 3*d + 5*g, -337 = -7*d + 3*d + 5*g. Let u = d - 30. What is the units digit of u?
8
Suppose -7*f + 5603 = -5009. What is the units digit of f?
6
Let z(w) = -4*w**2 + 4*w - 3. Let t be z(-4). Let o = -32 - t. What is the tens digit of o?
5
Let z(n) = -63*n**3 + 2*n**2 + 6*n + 6. What is the hundreds digit of z(-2)?
5
What is the units digit of (-6 + 17127/(-22))*-6?
7
Suppose 2*o + 206 = 536. Suppose -2*q = -4*l - 134, -4*l + l + o = 3*q. What is the units digit of q?
9
Let j be -6 - (-4 + -1) - -51. Suppose 1315 = 7*f - j. What is the hundreds digit of f?
1
Let a(n) = -4*n - 36. Let t(p) = p + 9. Let s = -14 + 5. Let w(b) = s*t(b) - 2*a(b). What is the units digit of w(-10)?
1
Let s(i) = i + 127. What is the units digit of s(9)?
6
Let i(o) = -8*o + 18. Suppose -b - 1 = 0, -4*w - 57 = -2*b - b. Let a be i(w). What is the tens digit of 9/(-18) - a/(-4)?
3
Let k = -8 - -13. Suppose k = 3*r - 4. Suppose -n - 21 = -o + n, -r*n = -5*o + 112. What is the units digit of o?
3
Suppose -65*o + 54070 = -71770. What is the thousands digit of o?
1
What is the hundreds digit of (-7)/(-1) - 191*-1?
1
Let j = 315 + -201. What is the units digit of j?
4
Let h = -10 + 26. Suppose -15 - h = -w. What is the units digit of w*((-8)/4 + 3)?
1
What is the hundreds digit of (3 + -5 + -2)*33898/(-136)?
9
Let t(b) = 2*b + 46. Let r(s) = 10*s**2 + 2*s. Let h be r(1). What is the tens digit of t(h)?
7
Suppose 0 = j - 37 - 16. Suppose -s + 13 = -0*s + 5*n, -3*n = -s + j. What is the units digit of s?
8
Let r(b) = 0*b**3 - 2*b + 3*b**3 - 3*b**3 + 3*b**3 + 1. Let q be r(1). Let p(h) = 11*h + 2. What is the units digit of p(q)?
4
Let i = -360 + 987. What is the tens digit of i?
2
Let g(o) = 32*o**2 - o - 1. Let r be 14 + (-8 + 4)/4. Let d = 14 - r. What is the tens digit of g(d)?
3
Let k be -1 + 2 + 1 + -3. Let a(n) = -2*n. Let y be a(k). Suppose -r + 3*o = -0*r - 10, y*r = 5*o + 23. What is the units digit of r?
9
Let q be 218/(-6)*(0 - (-1 + -8)). What is the units digit of q/(-5) + (-8)/20?
5
Suppose 6*d = 7*d - 2. Suppose d*o + 1056 = 8*o. What is the tens digit of o?
7
Let d(s) = -18*s**3 - 12*s**2 - 3*s + 1. What is the tens digit of d(-2)?
0
What is the hundreds digit of -6 + 17880/70 + 6/(-14)?
2
Suppose 2*w = -0 - 6. Suppose -t - 3*r = 7, -2*r = -4*t - 30 - 40. What is the units digit of t/w - (-4)/(-12)?
5
Let g be 704/3 + (-14)/21. Suppose -3*w - o + g = w, 4*o = -2*w + 110. What is the tens digit of w?
5
Let k(s) = s**2 - 9*s - 4. Let r be k(8). Let x be 9*(4 - 352/r). Suppose -p = 5*p - x. What is the units digit of p?
0
Suppose -3*i = 2*b - 27 - 1397, -5*i + 5*b + 2415 = 0. What is the units digit of i?
8
Let h = -177 + 311. Suppose 0 = -5*k + h + 231. What is the units digit of k?
3
Let b be (-4 - 4)/((-4)/(-2)). Let g be (-290)/b + 3/(-6). Suppose -6*r + g = -0*r. What is the units digit of r?
2
Suppose 40 = 7*c + 12. Suppose c*o + 2*m - 423 = -109, -2*o + 2*m + 154 = 0. What is the units digit of o?
8
Let p = -241 - -149. Let j = p + 219. What is the units digit of j?
7
Let v be -1 + 101 - (-7 - -10). Let g = v - -57. What is the units digit of g?
4
Let p(l) be the first derivative of l**3/3 - 5*l**2/2 + 5*l - 3. Let q be p(4). What is the units digit of -1*q*108/(-4)?
7
Let a be (22/4)/(1 - 11/22). Suppose -7 = -3*p - 22. Let m = p + a. What is the units digit of m?
6
Let o be 2/8*-2*-4. Suppose 0*r = o*r - 52. Let d = -17 + r. What is the units digit of d?
9
Let i = -19 - -17. Let k(n) = -16*n**3 + 4*n**2 + 5*n + 5. What is the hundreds digit of k(i)?
1
Let o be (-984)/36 - 2/3. Let r = 26 + o. What is the units digit of (-39)/r*72/27?
2
Suppose -317*b = -330*b + 13117. What is the units digit of b?
9
Suppose 7*l = 3*l + 16. Suppose -10 = -l*y + 26. Let w = y + 26. What is the tens digit of w?
3
Let l = 166 - 120. What is the units digit of l?
6
Suppose -6*m + 107 - 17 = 0. Let s = 24 - m. What is the tens digit of ((-162)/(-4))/(s/12)?
5
Let s = -258 + 390. What is the tens digit of s?
3
Let f be 10/(-15) + 4/6. Suppose 53 + 142 = 3*a - o, -4*a - 4*o + 244 = f. Suppose 3*i + i = a. What is the units digit of i?
6
Suppose 2*k + 40 = 5*z + 152, 0 = -2*k - 2*z + 84. What is the tens digit 